951
What are the prime factors of 82?
2, 41
List the prime factors of 2593.
2593
List the prime factors of 19086.
2, 3, 3181
What are the prime factors of 26798?
2, 13399
What are the prime factors of 43?
43
What are the prime factors of 22111?
22111
What are the prime factors of 31868?
2, 31, 257
What are the prime factors of 1790?
2, 5, 179
What are the prime factors of 37010?
2, 5, 3701
List the prime factors of 2329.
17, 137
List the prime factors of 19830.
2, 3, 5, 661
What are the prime factors of 572?
2, 11, 13
List the prime factors of 164957.
13, 12689
List the prime factors of 17793.
3, 659
List the prime factors of 28876.
2, 7219
List the prime factors of 1578.
2, 3, 263
What are the prime factors of 326?
2, 163
What are the prime factors of 1036?
2, 7, 37
What are the prime factors of 73627?
17, 61, 71
What are the prime factors of 4632?
2, 3, 193
What are the prime factors of 106627?
106627
What are the prime factors of 103535?
5, 20707
What are the prime factors of 921?
3, 307
List the prime factors of 9435.
3, 5, 17, 37
What are the prime factors of 10969?
7, 1567
List the prime factors of 84189.
3, 7, 19, 211
List the prime factors of 2796.
2, 3, 233
What are the prime factors of 44129?
44129
List the prime factors of 3112.
2, 389
What are the prime factors of 4526?
2, 31, 73
What are the prime factors of 22695?
3, 5, 17, 89
List the prime factors of 56862.
2, 3, 13
List the prime factors of 824.
2, 103
List the prime factors of 38964.
2, 3, 17, 191
What are the prime factors of 8552?
2, 1069
List the prime factors of 79.
79
What are the prime factors of 14113?
11, 1283
What are the prime factors of 2562?
2, 3, 7, 61
What are the prime factors of 834?
2, 3, 139
What are the prime factors of 4665?
3, 5, 311
What are the prime factors of 798?
2, 3, 7, 19
What are the prime factors of 1409?
1409
List the prime factors of 3060.
2, 3, 5, 17
List the prime factors of 1276.
2, 11, 29
List the prime factors of 88355.
5, 41, 431
List the prime factors of 5518.
2, 31, 89
List the prime factors of 9070.
2, 5, 907
List the prime factors of 656.
2, 41
List the prime factors of 407.
11, 37
What are the prime factors of 4725?
3, 5, 7
List the prime factors of 46637.
149, 313
What are the prime factors of 9790?
2, 5, 11, 89
List the prime factors of 26221.
13, 2017
What are the prime factors of 1422?
2, 3, 79
List the prime factors of 77516.
2, 19379
What are the prime factors of 13689?
3, 13
List the prime factors of 23041.
23041
What are the prime factors of 20756?
2, 5189
What are the prime factors of 1684?
2, 421
List the prime factors of 19018.
2, 37, 257
What are the prime factors of 1822?
2, 911
What are the prime factors of 344?
2, 43
List the prime factors of 260.
2, 5, 13
What are the prime factors of 32594?
2, 43, 379
What are the prime factors of 102190?
2, 5, 11, 929
What are the prime factors of 8124?
2, 3, 677
List the prime factors of 2557.
2557
What are the prime factors of 758?
2, 379
What are the prime factors of 11183?
53, 211
List the prime factors of 132866.
2, 31, 2143
List the prime factors of 330.
2, 3, 5, 11
What are the prime factors of 64434?
2, 3, 10739
What are the prime factors of 417?
3, 139
What are the prime factors of 45290?
2, 5, 7, 647
List the prime factors of 10912.
2, 11, 31
What are the prime factors of 11447?
11447
What are the prime factors of 59681?
37, 1613
What are the prime factors of 18219?
3, 6073
What are the prime factors of 6864?
2, 3, 11, 13
List the prime factors of 19715.
5, 3943
What are the prime factors of 18716?
2, 4679
What are the prime factors of 1236?
2, 3, 103
List the prime factors of 48973.
48973
What are the prime factors of 155?
5, 31
What are the prime factors of 17410?
2, 5, 1741
What are the prime factors of 1385?
5, 277
List the prime factors of 4624.
2, 17
List the prime factors of 15976.
2, 1997
List the prime factors of 2249.
13, 173
What are the prime factors of 13203?
3, 163
List the prime factors of 520.
2, 5, 13
List the prime factors of 4404.
2, 3, 367
List the prime factors of 1111.
11, 101
List the prime factors of 106076.
2, 23, 1153
What are the prime factors of 63336?
2, 3, 7, 13, 29
List the prime factors of 3587.
17, 211
List the prime factors of 142503.
3, 47501
What are the prime factors of 4527?
3, 503
What are the prime factors of 1494?
2, 3, 83
What are the prime factors of 3842?
2, 17, 113
List the prime factors of 61278.
2, 3, 7, 1459
What are the prime factors of 70651?
7, 10093
List the prime factors of 30441.
3, 73, 139
What are the prime factors of 57064?
2, 7, 1019
List the prime factors of 13116.
2, 3, 1093
What are the prime factors of 1973?
1973
What are the prime factors of 4098?
2, 3, 683
What are the prime factors of 69?
3, 23
List the prime factors of 745.
5, 149
List the prime factors of 32016.
2, 3, 23, 29
List the prime factors of 23964.
2, 3, 1997
What are the prime factors of 4441?
4441
What are the prime factors of 2704?
2, 13
What are the prime factors of 439?
439
What are the prime factors of 9362?
2, 31, 151
What are the prime factors of 2152?
2, 269
List the prime factors of 11107.
29, 383
What are the prime factors of 2728?
2, 11, 31
List the prime factors of 1283.
1283
What are the prime factors of 3403?
41, 83
List the prime factors of 95734.
2, 151, 317
What are the prime factors of 235?
5, 47
List the prime factors of 29224.
2, 13, 281
List the prime factors of 14600.
2, 5, 73
List the prime factors of 344.
2, 43
List the prime factors of 12139.
61, 199
What are the prime factors of 2321?
11, 211
What are the prime factors of 1951?
1951
List the prime factors of 1743.
3, 7, 83
What are the prime factors of 118?
2, 59
List the prime factors of 1982.
2, 991
What are the prime factors of 26930?
2, 5, 2693
List the prime factors of 426.
2, 3, 71
What are the prime factors of 1753?
1753
What are the prime factors of 2064?
2, 3, 43
What are the prime factors of 11055?
3, 5, 11, 67
List the prime factors of 9183.
3, 3061
What are the prime factors of 2622?
2, 3, 19, 23
What are the prime factors of 47939?
47939
List the prime factors of 2154.
2, 3, 359
What are the prime factors of 114?
2, 3, 19
List the prime factors of 20777.
79, 263
What are the prime factors of 44764?
2, 19, 31
What are the prime factors of 1172?
2, 293
List the prime factors of 90660.
2, 3, 5, 1511
List the prime factors of 794.
2, 397
What are the prime factors of 13333?
67, 199
List the prime factors of 3903.
3, 1301
What are the prime factors of 107?
107
What are the prime factors of 4390?
2, 5, 439
What are the prime factors of 52775?
5, 2111
What are the prime factors of 1871?
1871
List the prime factors of 6195.
3, 5, 7, 59
List the prime factors of 1461.
3, 487
What are the prime factors of 2242?
2, 19, 59
What are the prime factors of 1407?
3, 7, 67
What are the prime factors of 66869?
11, 6079
What are the prime factors of 10360?
2, 5, 7, 37
List the prime factors of 2155.
5, 431
What are the prime factors of 1191?
3, 397
What are the prime factors of 7502?
2, 11, 31
List the prime factors of 4064.
2, 127
List the prime factors of 5049.
3, 11, 17
What are the prime factors of 3238?
2, 1619
List the prime factors of 19400.
2, 5, 97
List the prime factors of 54165.
3, 5, 23, 157
What are the prime factors of 28623?
3, 7, 29, 47
What are the prime factors of 871?
13, 67
List the prime factors of 9011.
9011
What are the prime factors of 15714?
2, 3, 97
List the prime factors of 4973.
4973
What are the prime factors of 215?
5, 43
What are the prime factors of 3421?
11, 311
What are the prime factors of 686?
2, 7
What are the prime factors of 1999?
1999
List the prime factors of 54423.
3, 6047
List the prime factors of 31469.
31469
What are the prime factors of 29554?
2, 7, 2111
What are the prime factors of 13790?
2, 5, 7, 197
What are the prime factors of 21892?
2, 13, 421
What are the prime factors of 28368?
2, 3, 197
What are the prime factors of 1977?
3, 659
What are the prime factors of 10870?
2, 5, 1087
What are the prime factors of 63298?
2, 31649
What are the prime factors of 1472?
2, 23
What are the prime factors of 71?
71
List the prime factors of 80996.
2, 20249
What are the prime factors of 597?
3, 199
What are the prime factors of 8495?
5